rue
Does 14 divide 6860?
True
Is 25 a factor of 1475?
True
Is 12 a factor of 12603?
False
Does 13 divide 321?
False
Does 126 divide 22654?
False
Is 414 a multiple of 207?
True
Is 516 a multiple of 3?
True
Does 52 divide 5553?
False
Is 10486 a multiple of 107?
True
Is 26 a factor of 9152?
True
Is 5386 a multiple of 47?
False
Does 80 divide 5525?
False
Does 91 divide 1274?
True
Is 85 a factor of 15414?
False
Is 26 a factor of 4628?
True
Is 5 a factor of 25?
True
Does 81 divide 4860?
True
Does 3 divide 251?
False
Does 22 divide 98?
False
Does 31 divide 1674?
True
Does 21 divide 49599?
False
Does 12 divide 2424?
True
Does 18 divide 10314?
True
Is 9576 a multiple of 21?
True
Does 16 divide 496?
True
Is 4 a factor of 2105?
False
Is 408 a multiple of 3?
True
Is 51974 a multiple of 163?
False
Does 24 divide 2436?
False
Does 12 divide 671?
False
Does 23 divide 1196?
True
Does 19 divide 82?
False
Is 3 a factor of 4257?
True
Is 60 a factor of 45264?
False
Does 115 divide 9085?
True
Is 1605 a multiple of 42?
False
Is 726 even?
True
Is 498 even?
True
Does 9 divide 91?
False
Is 702 a multiple of 40?
False
Is 68 a factor of 160?
False
Does 71 divide 1846?
True
Does 19 divide 608?
True
Is 52 a factor of 2979?
False
Is 29 a factor of 17748?
True
Is 18 a factor of 38111?
False
Does 46 divide 3024?
False
Is 120 a multiple of 16?
False
Does 6 divide 1914?
True
Does 166 divide 6355?
False
Does 22 divide 2398?
True
Is 22308 a multiple of 4?
True
Is 14871 a multiple of 19?
False
Is 14300 a multiple of 22?
True
Is 3 a factor of 695?
False
Does 33 divide 10692?
True
Is 83 a factor of 10458?
True
Is 14 a factor of 437?
False
Is 460 a multiple of 10?
True
Is 29 a factor of 6010?
False
Is 6 a factor of 18?
True
Is 561 a multiple of 38?
False
Is 35 a factor of 1469?
False
Is 385 a multiple of 13?
False
Does 112 divide 5582?
False
Does 6 divide 114?
True
Is 39 a factor of 1131?
True
Is 11368 a multiple of 6?
False
Is 4312 a multiple of 21?
False
Is 14 a factor of 2086?
True
Is 3888 a multiple of 27?
True
Is 7067 a multiple of 74?
False
Is 130 a multiple of 19?
False
Is 75 a factor of 10760?
False
Does 193 divide 22360?
False
Is 17560 a multiple of 10?
True
Is 17 a factor of 13685?
True
Does 8 divide 17240?
True
Is 51 a factor of 7446?
True
Does 36 divide 324?
True
Is 53 a factor of 3753?
False
Is 209 a factor of 19019?
True
Does 4 divide 368?
True
Does 10 divide 933?
False
Is 3015 a multiple of 15?
True
Is 1105 a multiple of 13?
True
Is 11 a factor of 22?
True
Does 125 divide 9375?
True
Is 67 a factor of 2613?
True
Does 7 divide 76748?
True
Is 52 a factor of 1660?
False
Does 71 divide 76325?
True
Does 47 divide 3525?
True
Is 13716 a multiple of 70?
False
Does 3 divide 4949?
False
Is 10476 a multiple of 36?
True
Is 8 a factor of 5259?
False
Is 51 a factor of 3681?
False
Is 3 a factor of 1931?
False
Is 65 a multiple of 13?
True
Does 10 divide 160?
True
Does 92 divide 7378?
False
Is 31 a factor of 11670?
False
Is 1325 a multiple of 22?
False
Is 25312 a multiple of 14?
True
Is 15 a factor of 8085?
True
Is 38 a multiple of 38?
True
Is 56 a factor of 2520?
True
Is 645 a multiple of 17?
False
Does 26 divide 858?
True
Is 27 a factor of 672?
False
Does 37 divide 606?
False
Is 9560 a multiple of 10?
True
Is 1824 a multiple of 32?
True
Is 104580 a multiple of 14?
True
Does 12 divide 8112?
True
Is 8 a factor of 4208?
True
Is 20 a factor of 513?
False
Does 8 divide 35?
False
Is 28 a factor of 771?
False
Is 764 a multiple of 26?
False
Does 6 divide 35529?
False
Is 216 a factor of 2994?
False
Is 9 a factor of 5130?
True
Does 11 divide 99?
True
Does 9 divide 387?
True
Is 9 a factor of 11196?
True
Is 17 a factor of 17894?
False
Is 3 a factor of 3656?
False
Does 93 divide 3348?
True
Is 2175 a multiple of 145?
True
Is 3 a factor of 482?
False
Is 27 a factor of 17870?
False
Is 4553 a multiple of 29?
True
Is 125 a factor of 20000?
True
Is 15 a factor of 195?
True
Is 16 a factor of 8224?
True
Is 130 a factor of 18460?
True
Does 7 divide 31150?
True
Is 2 a factor of 1993?
False
Is 23 a factor of 276?
True
Does 5 divide 870?
True
Is 718 a multiple of 42?
False
Is 42 a factor of 1974?
True
Is 60 a factor of 540?
True
Is 25573 a multiple of 239?
True
Does 5 divide 5058?
False
Is 138 a multiple of 3?
True
Is 11 a factor of 17006?
True
Is 927 a multiple of 9?
True
Is 73 a factor of 12191?
True
Is 44 a factor of 3916?
True
Is 9 a factor of 24604?
False
Is 95 a factor of 1260?
False
Is 23 a factor of 2400?
False
Is 51 a multiple of 6?
False
Is 11 a factor of 812?
False
Is 1442 a multiple of 18?
False
Is 2836 a multiple of 531?
False
Is 30 a multiple of 30?
True
Is 3 a factor of 204?
True
Is 12 a factor of 216?
True
Is 148 a factor of 5282?
False
Is 31 a factor of 452?
False
Does 30 divide 623?
False
Is 645 a multiple of 12?
False
Does 9 divide 2070?
True
Is 24 a factor of 3168?
True
Is 793 a multiple of 12?
False
Is 22 a factor of 193?
False
Is 56 a factor of 2248?
False
Does 10 divide 4140?
True
Is 22 a factor of 62844?
False
Is 84 a factor of 1260?
True
Is 6 a factor of 534?
True
Is 30 a factor of 3168?
False
Does 16 divide 539?
False
Is 18 a factor of 1768?
False
Does 8 divide 441?
False
Is 2184 a multiple of 13?
True
Is 16 a factor of 25184?
True
Is 5166 a multiple of 48?
False
Is 195 a multiple of 38?
False
Is 22 a factor of 68098?
False
Is 21 a factor of 5261?
False
Does 28 divide 135793?
False
Does 20 divide 31654?
False
Does 50 divide 12100?
True
Does 122 divide 43066?
True
Is 5192 a multiple of 22?
True
Is 36 a factor of 683?
False
Is 6176 a multiple of 4?
True
Is 84880 a multiple of 77?
False
Is 58 a factor of 1044?
True
Does 6 divide 636?
True
Is 800 a multiple of 5?
True
Is 22 a factor of 660?
True
Is 4560 a multiple of 8?
True
Is 35 a factor of 964?
False
Is 29 a factor of 26443?
False
Does 47 divide 10904?
True
Does 11 divide 365?
False
Is 19 a factor of 1491?
False
Is 7900 a multiple of 9?
False
Is 11 a factor of 13376?
True
Is 45 a factor of 48443?
False
Is 4916 a multiple of 12?
False
Is 252 a multiple of 21?
True
Does 59 divide 311?
False
Is 8 a factor of 748?
False
Does 28 divide 9795?
False
Does 24 divide 63847?
False
Is 21 a factor of 3508?
False
Does 65 divide 7215?
True
Is 7 a factor of 176?
False
Is 5461 a multiple of 43?
True
Is 1230 a multiple of 30?
True
Is 2 a factor of 6735?
False
Is 2326 a multiple of 39?
False
Is 2716 a multiple of 9?
False
Is 113 a factor of 8433?
False
Is 9 a factor of 1420?
False
Does 5 divide 2439?
False
Is 3 a factor of 1096?
False
Is 39 a factor of 4811?
False
Is 6396 a multiple of 52?
True
Does 26 divide 23143?
False
Does 9 divide 769?
False
Is 36264 a multiple of 43?
False
Is 5313 a multiple of 21?
True
Is 18 a factor of 9019?
False
Does 51 divide 102?
True
Does 23 divide 3634?
True
Does 17 divide 72935?
False
Is 5 a factor of 19260?
True
Is 1805 a multiple of 19?
True
Is 460 a multiple of 14?
False
Is 1003 a multiple of 74?
False
Does 4 divide 494?
False
Is 2 a factor of 8551?
False
Does 12 divide 948?
True
Does 6 divide 257?
False
Is 2196 a multiple of 12?
True
Is 23 a factor of 207?
True
Is 30 a factor of 750?
True
Is 8234 a multiple of 25?
False
Is 73060 a multiple of 260?
True
Does 26 divide 104?
True
Is 4347 a multiple of 46?
False
Is 21 a factor of 378?
True
Is 676 a multiple of 77?
False
Is 201 a multiple of 28?
False
Is 2236 a multiple of 16?
False
Is 108654 a multiple of 273?
True
Is 13 a factor of 180?
False
Is 8 a factor of 31718?
False
Is 24367 a multiple of 152?
False
Is 9 a factor of 1403?
False
Does 5 divide 2878?
False
Is 8816 a multiple of 19?
True
Is 44937 a multiple of 71?
False
Is 2631 a multiple of 29?
False
Is 50 a factor of 3777?
False
Is 334 a multiple of 14?
False
Is 4875 a multiple of 125?
True
Is 29 a factor of 1662?
False
Is 5975 a multiple of 25?
True
Does 10 divide 100?
True
Is 80 a factor of 120271?
False
Is 83 a factor of 395?
False
Is 2191 a multiple of 21?
False
Is 883 a multiple of 14?
False
Is 4290 a multiple of 2?
True
Does 140 divide 8791?
False
Does 9 divide 15822?
True
Does 92 divide 9083?
False
Does 6 divide 2497?
False
Is 2436 a multiple of 70?
False
Is 33 a factor of 31159?
False
Is 101 a factor of 69185?
True
Is 1119 a multiple of 5?
False
Does 86 divide 22274?
True
Is 31 a factor of 992?
True
Is 9